e prime factors of 7475885?
5, 1495177
List the prime factors of 17420576.
2, 59, 9227
List the prime factors of 672792.
2, 3, 17, 97
List the prime factors of 146455.
5, 17, 1723
What are the prime factors of 274600?
2, 5, 1373
List the prime factors of 378990.
2, 3, 5, 4211
List the prime factors of 346401.
3, 11, 3499
List the prime factors of 82110.
2, 3, 5, 7, 17, 23
List the prime factors of 533012.
2, 133253
What are the prime factors of 1009695?
3, 5, 83, 811
What are the prime factors of 776612?
2, 31, 6263
List the prime factors of 250822.
2, 11, 13, 877
What are the prime factors of 424563?
3, 137, 1033
List the prime factors of 296470.
2, 5, 23, 1289
What are the prime factors of 367048?
2, 11, 43, 97
List the prime factors of 22345254.
2, 3, 19, 29, 751
List the prime factors of 3206757.
3, 421, 2539
List the prime factors of 2081287.
13, 37, 4327
What are the prime factors of 7909260?
2, 3, 5, 61, 2161
What are the prime factors of 31715004?
2, 3, 1013, 2609
What are the prime factors of 1735954?
2, 11, 19, 4153
What are the prime factors of 530947?
530947
List the prime factors of 997617.
3, 193, 1723
List the prime factors of 5035142.
2, 7, 191, 269
What are the prime factors of 3539692?
2, 13, 68071
What are the prime factors of 4697881?
4697881
What are the prime factors of 1747963?
7, 67, 3727
List the prime factors of 1014855.
3, 5, 29, 2333
List the prime factors of 147969.
3, 41, 401
What are the prime factors of 433071?
3, 48119
What are the prime factors of 172715?
5, 34543
What are the prime factors of 3614314?
2, 11, 41, 4007
List the prime factors of 9571702.
2, 7, 683693
What are the prime factors of 821701?
47, 17483
What are the prime factors of 869532?
2, 3, 72461
List the prime factors of 4294964.
2, 59, 18199
What are the prime factors of 51639?
3, 7, 2459
What are the prime factors of 129389?
13, 37, 269
List the prime factors of 11241640.
2, 5, 463, 607
List the prime factors of 9455059.
9455059
What are the prime factors of 9384927?
3, 1453, 2153
What are the prime factors of 148473?
3, 13, 47
List the prime factors of 6293233.
241, 26113
List the prime factors of 29735.
5, 19, 313
List the prime factors of 896690.
2, 5, 89669
List the prime factors of 378069.
3, 126023
List the prime factors of 1453962.
2, 3, 31, 7817
List the prime factors of 2259147.
3, 11, 17, 4027
What are the prime factors of 12132211?
7, 13, 133321
What are the prime factors of 1352240?
2, 5, 16903
What are the prime factors of 1582321?
13, 59, 2063
List the prime factors of 1164725.
5, 46589
List the prime factors of 74034.
2, 3, 457
List the prime factors of 1078071.
3, 359357
List the prime factors of 2897396.
2, 37, 19577
What are the prime factors of 17979789?
3, 139, 43117
What are the prime factors of 24523?
137, 179
What are the prime factors of 30894712?
2, 17, 227167
What are the prime factors of 452959?
13, 34843
What are the prime factors of 152845?
5, 7, 11, 397
List the prime factors of 19705500.
2, 3, 5, 29, 151
What are the prime factors of 134370?
2, 3, 5, 1493
List the prime factors of 2032936.
2, 163, 1559
List the prime factors of 276762.
2, 3, 193, 239
What are the prime factors of 698115?
3, 5, 11, 4231
List the prime factors of 14598798.
2, 3, 419, 5807
List the prime factors of 1209516.
2, 3, 7, 11, 17
List the prime factors of 729326.
2, 13, 28051
List the prime factors of 4596425.
5, 53, 3469
List the prime factors of 62240.
2, 5, 389
What are the prime factors of 352503?
3, 53, 739
List the prime factors of 1556427.
3, 518809
What are the prime factors of 281119?
197, 1427
What are the prime factors of 189709?
13, 14593
List the prime factors of 1043440.
2, 5, 13043
What are the prime factors of 6035546?
2, 11, 251, 1093
List the prime factors of 3024255.
3, 5, 13, 1193
List the prime factors of 10701106.
2, 13, 67, 6143
What are the prime factors of 1432305?
3, 5, 7, 4547
List the prime factors of 77663.
37, 2099
List the prime factors of 143474.
2, 23, 3119
What are the prime factors of 21621399?
3, 17, 423949
What are the prime factors of 24425446?
2, 683, 17881
What are the prime factors of 38208?
2, 3, 199
List the prime factors of 9724650.
2, 3, 5, 13, 4987
What are the prime factors of 1970737?
19, 103723
List the prime factors of 453053.
453053
List the prime factors of 1282476.
2, 3, 13, 8221
What are the prime factors of 14111?
103, 137
List the prime factors of 451037.
29, 103, 151
List the prime factors of 5165177.
599, 8623
List the prime factors of 1466191.
1466191
List the prime factors of 16379375.
5, 73, 359
What are the prime factors of 29707747?
29707747
List the prime factors of 16460827.
16460827
What are the prime factors of 3123777?
3, 31, 33589
List the prime factors of 23878576.
2, 1492411
List the prime factors of 75277.
75277
List the prime factors of 1063400.
2, 5, 13, 409
List the prime factors of 5511690.
2, 3, 5, 47, 1303
What are the prime factors of 277234?
2, 138617
What are the prime factors of 7285787?
7285787
What are the prime factors of 9597317?
467, 20551
List the prime factors of 1821197.
7, 260171
What are the prime factors of 213969?
3, 7, 23, 443
List the prime factors of 8619901.
17, 19, 26687
List the prime factors of 401304.
2, 3, 23, 727
What are the prime factors of 160785?
3, 5, 397
List the prime factors of 478268.
2, 7, 19, 29, 31
List the prime factors of 348157.
53, 6569
What are the prime factors of 8809327?
149, 59123
What are the prime factors of 357645?
3, 5, 113, 211
What are the prime factors of 1877708?
2, 7, 67061
List the prime factors of 1674631.
7, 239233
List the prime factors of 177843.
3, 59281
What are the prime factors of 233611?
7, 23, 1451
What are the prime factors of 573519?
3, 191173
List the prime factors of 952993.
53, 17981
What are the prime factors of 46825?
5, 1873
List the prime factors of 1720072.
2, 211, 1019
What are the prime factors of 475929?
3, 17627
What are the prime factors of 1323637?
7, 17, 227
What are the prime factors of 20421777?
3, 17, 31, 12917
What are the prime factors of 195863?
195863
What are the prime factors of 1623627?
3, 89, 2027
What are the prime factors of 993841?
993841
List the prime factors of 650804.
2, 7, 11, 2113
What are the prime factors of 129226?
2, 64613
What are the prime factors of 33411788?
2, 8352947
List the prime factors of 21582.
2, 3, 11, 109
List the prime factors of 120153.
3, 11, 331
List the prime factors of 5829806.
2, 461, 6323
List the prime factors of 27317.
59, 463
What are the prime factors of 117649?
7
List the prime factors of 32226441.
3, 13, 17, 3739
What are the prime factors of 81965?
5, 13, 97
What are the prime factors of 130938?
2, 3, 139, 157
What are the prime factors of 22021714?
2, 11, 13, 5923
List the prime factors of 2337934.
2, 59, 19813
List the prime factors of 13347858.
2, 3, 71, 31333
What are the prime factors of 5775825?
3, 5, 11, 7001
What are the prime factors of 650503?
7, 19, 67, 73
What are the prime factors of 1014776?
2, 7, 18121
What are the prime factors of 56412?
2, 3, 1567
List the prime factors of 53893.
7, 7699
What are the prime factors of 92389?
11, 37, 227
List the prime factors of 17354.
2, 8677
List the prime factors of 521829.
3, 7, 11, 251
List the prime factors of 115150.
2, 5, 7, 47
List the prime factors of 470657.
11, 42787
List the prime factors of 343036.
2, 191, 449
List the prime factors of 10136.
2, 7, 181
What are the prime factors of 270714?
2, 3, 45119
List the prime factors of 1515086.
2, 757543
What are the prime factors of 131389?
83, 1583
What are the prime factors of 1333671?
3, 444557
What are the prime factors of 2863671?
3, 43, 79, 281
List the prime factors of 376117.
7, 53731
What are the prime factors of 647356?
2, 161839
What are the prime factors of 6399520?
2, 5, 23, 37, 47
List the prime factors of 7888546.
2, 733, 5381
What are the prime factors of 17014873?
17014873
What are the prime factors of 6739331?
6739331
What are the prime factors of 2463158?
2, 1231579
List the prime factors of 14521816.
2, 491, 3697
List the prime factors of 1648718.
2, 479, 1721
List the prime factors of 251026.
2, 313, 401
List the prime factors of 4371489.
3, 29, 1861
What are the prime factors of 440151?
3, 23, 63